371 = 5*o + 17*o - 531. What is the remainder when 532 is divided by o?
40
Let l(h) = h**2 - 2*h - 250. What is the remainder when 2199 is divided by l(-15)?
4
Let b = -19947 - -20076. Calculate the remainder when b is divided by 50.
29
Let d(h) = 12*h**2 + 7*h - 1. Let a be d(-5). Let v = a + -257. Calculate the remainder when 26 is divided by v.
5
What is the remainder when 188 is divided by (18 + 1)/(-19 + 480/25)?
93
Suppose -2*r - 5*w = 392 + 183, 2*r = 3*w - 615. What is the remainder when r/(-55)*26 - 4/(-22) is divided by 49?
44
Suppose 0 = r - 2*o - 770, -15*r + 5*o = -10*r - 3840. Calculate the remainder when r is divided by 28.
10
Let q(i) = 2*i**2 - 7*i - 1. Calculate the remainder when 15*5 - (83 - 85) is divided by q(6).
19
Suppose 4*q - 5*t = 18, 2*q + 4 = 3*q - t. Let m = -4 + q. Let a(w) = w + 12. Calculate the remainder when 57 is divided by a(m).
7
Let f(s) = 2*s + 13. Calculate the remainder when f(45) is divided by 31.
10
Let d be -1 + ((-6)/27 - (-1612)/(-36)). Let f = 82 + d. Calculate the remainder when 249 is divided by f.
33
Let s(k) = -k**2 + 12*k - 5. Calculate the remainder when s(5) is divided by (96/20)/((-23)/((-3450)/45)).
14
Let p = -61 - -132. Let m = -26 + -21. Let r = m + p. What is the remainder when r is divided by 5?
4
Suppose 0 = 3*c - 4*l + 18, -49 = 3*c + c + 3*l. Let i be ((3135/c)/(-11))/((-9)/12). Let n = -5 - i. Calculate the remainder when n is divided by 9.
6
Let l(n) = 23*n**2 + 31*n - 34. Calculate the remainder when 1372 is divided by l(1).
12
Suppose 3*i = 3*d - 75, 4*i = 9*d - 6*d - 70. Suppose 3567 + 3543 = d*k. What is the remainder when k is divided by 86?
65
Suppose 11*k - 8*k = 5*p - 308, 2*k = 3*p - 186. Calculate the remainder when 181 is divided by p.
7
Suppose 9*y - 195 = 12. Calculate the remainder when (79*(-4)/8)/(2/(-8)) is divided by y.
20
Let v be 60/40*(-2172)/9. Let r = v - -445. What is the remainder when r is divided by 2/5 - (-416)/10?
41
Suppose 33605*f + 4247 = 16831*f + 16805*f. What is the remainder when f is divided by (28/(-3))/((-2)/6)?
25
Let c(k) = -k**2 - 94*k - 149. Calculate the remainder when c(-28) is divided by 531.
106
Let l = 760 - 483. Let o = 5828 + -5793. Calculate the remainder when l is divided by o.
32
Suppose -7*s + 1388 + 1545 = 0. Suppose 34 = 130*k - 125*k - 4*y, y = 4. What is the remainder when s is divided by k?
9
Suppose 25*x = 16*x - 41*x + 2700. What is the remainder when 8582 is divided by x?
50
Let o = 503 + -503. Let p(z) = -z**3 + 2*z**2 + z + 7. What is the remainder when 96 is divided by p(o)?
5
Suppose -c + 249 = 11. Suppose -2*d + 5 = -i, -2*d - 2*i + 99 = 73. What is the remainder when c is divided by d?
4
Let b = 5788 - 5707. What is the remainder when 1828 is divided by b?
46
Let w(d) = -219*d - 741. Calculate the remainder when w(-11) is divided by 42.
30
Let d(q) = -15*q - 42. Let r(f) = -7*f - 22. Let j(l) = 6*d(l) - 13*r(l). Calculate the remainder when 111 is divided by j(6).
31
Let z(u) = -u**3 - 5*u**2 - u + 5. Suppose 0 = -14*w + 4914 + 952. Suppose w*b + 290 = 424*b. Calculate the remainder when b is divided by z(-5).
8
Suppose 3*v + v = -4*g - 20, g + 5 = -3*v. Let h(r) = 9*r + 29. Calculate the remainder when ((-40)/(-6))/(2/60) is divided by h(v).
26
Let r(c) = -c**2 + 47*c + 152. Let o be r(50). Suppose o*h + k - 217 = -53, 4*k + 352 = 4*h. Calculate the remainder when h is divided by 15.
9
Suppose 3*f - 2*s - 150 = 0, 9*s - 14 - 221 = -4*f. Calculate the remainder when 4157 is divided by f.
49
Let s(h) be the third derivative of -h**5/30 + h**4/6 + 8*h**3/3 - 91*h**2. Calculate the remainder when 83 is divided by s(0).
3
Let x(i) = -11*i + 3. Suppose -19*b + 128 = -3*b. Suppose -20*m = -b*m - 216. What is the remainder when x(-6) is divided by m?
15
Suppose 0 = 4*y - k - 2535, k + 127 = 2*y - 1142. What is the remainder when y is divided by 125?
8
Let s(o) = -15*o + 41. Let k(m) = 15*m - 40. Let t(g) = 4*k(g) + 3*s(g). What is the remainder when 149 is divided by t(3)?
5
Suppose r + 5 = 0, 2*y - r - r = 546. Let x = y - 145. What is the remainder when x is divided by 31?
30
Let z(y) = -y**2 - 4*y. Let c be z(-3). Suppose -2*w + 54 = c*s - 210, -3*w + 5*s = -396. What is the remainder when w is divided by 67?
65
What is the remainder when ((-56)/(-10))/((-28)/(-140)) is divided by 15?
13
Suppose 301*o = 306*o - 770. What is the remainder when (30/35)/(2/o) is divided by 17?
15
Suppose 17*o + 3003 = -4*o. Let x = -124 - o. What is the remainder when 435 is divided by x?
17
Let y = 376 - 376. Suppose 3*c - 9*m + 12*m = 201, y = c + 5*m - 55. What is the remainder when c is divided by 12?
10
Let u = 144 - 56. What is the remainder when (-1)/((-11)/2) - (-5176)/u is divided by (-62)/(-3) + -6 + 2/6?
14
Let x(g) = g**3 + 6*g**2 - 2*g - 18. Let t(b) = 2*b + 19. Let k be t(-12). What is the remainder when x(k) is divided by 9?
8
Let u = -266 - -403. Suppose -49 = -0*h - h + 2*n, -u = -3*h - 4*n. Calculate the remainder when (-742)/(-4) + 2/4 is divided by h.
45
Let x(s) = s - 3. Let a be x(5). Suppose -2*b + a = 0, b = -5*c + 5*b + 561. What is the remainder when c is divided by 3/(-6) + (-462)/(-12)?
37
Suppose f - 30*x - 912 = -33*x, 3*f - 3*x - 2688 = 0. What is the remainder when f is divided by 236?
192
Let i(z) = -5*z + 49. Let c be i(9). Suppose 2*h - 3*x = 364, -c*h + 7*h + 5*x - 527 = 0. Calculate the remainder when h is divided by 71.
37
Let w(y) = -269*y - 3985. Calculate the remainder when w(-15) is divided by 9.
5
Let f be (1215/(-54))/(-1 + 10/12). Let y = -98 + f. Calculate the remainder when y is divided by 22.
15
Let i(s) = -s + 3. Let u(r) = r**2 + r - 42. Let h be u(-7). Let p be i(h). Suppose 0*v - p*v = -15. Calculate the remainder when v is divided by 3.
2
Suppose -2*n + 46 + 10 = 0. Let c be 5/(((-10)/(-24))/1). What is the remainder when n is divided by (0 - c/(-7))/(32/112)?
4
Let b(a) = 2011*a + 123. Calculate the remainder when b(3) is divided by 40.
36
Suppose 2*f + s - 523 = 0, -66*f - 802 = -69*f - 4*s. Calculate the remainder when f is divided by 122.
14
Suppose -a = -3*k + 33, 0 = -4*k + a + 38 + 6. Let q = 111 + -110. Calculate the remainder when ((-140)/(-42))/(q/6) is divided by k.
9
Suppose -4*u - 58 + 78 = 0, -3*t + 4*u = -988. Calculate the remainder when 1376 is divided by t.
32
Suppose -2*r - 23 = -6*r + d, 5*d = r - 1. Suppose 2 = -i + r. Let u = 9 - i. What is the remainder when 19 is divided by u?
4
Let q(h) = 2*h**2 + 20*h + 87. What is the remainder when q(13) is divided by 137?
0
Let p(r) = 5*r - 33. Let q be (-1 - -55) + -2 + -7 + 6. Suppose -m = t + 2*m - 27, 2*t - q = -5*m. Calculate the remainder when p(t) is divided by 20.
17
Let f(g) be the third derivative of 17*g**5/15 + 7*g**4/12 - 13*g**3/6 - 75*g**2. What is the remainder when 756 is divided by f(1)?
66
Let y = -334 + 349. Let m = 57 - -6. Suppose -2*n + 124 = 2*i, -3*n + 120 = 2*i - m. Calculate the remainder when n is divided by y.
14
Suppose 28*n - 99 = 265. Calculate the remainder when 842 is divided by n.
10
Let y(s) = s**3 - 8*s**2 + 4*s - 26. Let b be y(8). Suppose b*x = 20*x - 182. What is the remainder when 101 is divided by x?
10
Suppose 50*d = 49*d + 14. Let s(q) = -64*q. Let f be s(-1). Suppose -2*z + 4*c + f = 0, 2*c - 4*c + 46 = 2*z. Calculate the remainder when z is divided by d.
12
Let v(i) = -i**2 - 16*i - 68. Let x(j) = j**2 + 13*j + 67. Let n(h) = 3*v(h) + 2*x(h). Calculate the remainder when 91 is divided by n(-11).
40
Let n(d) = -d**2 + 4*d - 1. Let v be n(3). Suppose 7*r + 5*l = 10*r - 38, 20 = r + v*l. What is the remainder when 94 is divided by r?
14
Suppose -22 = -r - 166. Let o be (-1)/(1 - 4/r*-38). Let m = -10 + o. Calculate the remainder when 47 is divided by m.
7
Suppose 4846*u = 4831*u + 150. Calculate the remainder when 2255 is divided by u.
5
Calculate the remainder when 177954/3192*-4*146/(-2) is divided by 27.
25
Let p(t) = 21*t - 223. What is the remainder when 2057 is divided by p(14)?
69
Let v = -104 + 324. Let f = v + -125. Suppose 5*j = -2*k + 6*k - 86, -3*j = 2*k - 10. What is the remainder when f is divided by k?
11
What is the remainder when 1098 is divided by (17 - 11)/(-24) - (-459)/12?
34
Suppose 0 = -58*v + 145*v + v - 13464. Calculate the remainder when v is divid